 Let m(u) = 4*u. Calculate m(q).
4
Let o = 3 - 1. Let l(t) = o*t**3 + 0*t**3 - 2*t**3 + 6*t**3. Let v = -1 - 0. Calculate l(v).
-6
Let k(i) = 1 + 3*i - 1. Let a = 4 - 5. Let p be 1 + (-1 + a)/1. Give k(p).
-3
Let k(v) = 2*v**2 + 2*v - 2. Let p be k(-2). Let b(o) = -3 + 2*o**p + 0*o**2 + o - 1 - 6*o. Determine b(4).
8
Let v(u) = -u. Let m be v(5). Let n(l) = -5 - 5*l - 5*l + l + 3*l + 3*l. Give n(m).
10
Let c(p) be the first derivative of -p**3 + p**2/2 + 1. Suppose 2*b + 2*t - 11 = 5*b, -5*t + 17 = 3*b. Determine c(b).
-4
Let k(o) = o**2 - 8*o + 7. Suppose 20 = 7*v - 29. Give k(v).
0
Let z(h) = -h - 1. Let i be 4/(-8) + (-18)/(-4). Let g(v) = v + 1. Let d(c) = i*z(c) + 5*g(c). Let a be (-7 - -10) + 1*-7. What is d(a)?
-3
Suppose 0 = 13*m - 14*m - 5. Let s(b) = b**3 + 6*b**2 + 6*b + 7. What is s(m)?
2
Let p(v) = v**3 - 2*v**2 + 4*v - 3. Let o be p(2). Suppose 4*s - 22 = 2*s + o*u, 0 = -2*u - 8. Let y(b) = 4*b**2 + 2*b**2 - b - 5*b**2. Give y(s).
0
Let s(m) be the second derivative of 1/3*m**3 + 0 + 1/2*m**2 + 7*m. What is s(3)?
7
Let k(b) = 5*b**2 - b - 1. Let c(z) = -z**3 + 7*z**2 + 7*z + 7. Suppose 2*a = -2*f + 26, -2*f - f + 14 = -2*a. Let d be c(f). Calculate k(d).
5
Let o(s) be the first derivative of -s**2 - 3*s - 4. Calculate o(4).
-11
Let m(k) = 6*k. Suppose -2*v + 8 = -0. Let d(a) be the second derivative of a**4/12 - 2*a**3/3 - a**2/2 + 3*a. Let q be d(v). Give m(q).
-6
Let p(c) = 2*c**2 + 4*c - 2. Let h(k) = -k + 1. Let s(d) = h(d) - p(d). Determine s(-4).
-9
Let l(i) = 0 + i - 4*i - 3. Let x(v) = -v**2 + 6*v. Let g be x(5). Suppose -5*p = -5*r + 10, 3*r - 14 = g*p + 2. Determine l(r).
6
Let i be ((-2)/(-6))/(2/30). Suppose -2*v = -i*v + 6. Let m(o) = 6 + 5*o**2 - 7 - 4*o**2 + 0. Calculate m(v).
3
Let w(t) be the third derivative of t**6/120 - 2*t**5/15 + 3*t**4/8 - 7*t**3/6 - 11*t**2. Give w(7).
7
Let c(r) = -r + 2. Suppose 2*g + 4 = 4*g. Let z be 2 - 5/(5/g). Let i = 4 + z. Calculate c(i).
-2
Let d(i) = -i**2 - 2*i + 3. Let r(z) = -z**2 - 8. Let o be r(0). Let a = -12 - o. What is d(a)?
-5
Let g be -2*((-27)/6)/(-3). Let r(x) = x**3 + 3*x**2 + 5*x + 4. Calculate r(g).
-11
Suppose -9*n + 4*n + 5*z + 35 = 0, -5*z - 11 = n. Let q(v) = 11 - n*v**2 - v**3 - 11 + v. Let w(l) = -2*l**2 - l + 2. Let f be w(-2). Determine q(f).
-4
Let m(u) be the third derivative of u**5/60 - 7*u**4/24 - u**3/6 + 11*u**2. Give m(5).
-11
Suppose -2*d = 2 + 10. Let t be 7/3 + 2/d. Let o(r) be the second derivative of r**5/10 - r**4/6 - r**3/6 + r**2/2 + r. Give o(t).
7
Let x(o) be the first derivative of o**2/2 - o + 36. Give x(-3).
-4
Let p(v) = 2*v + 7. Let l = 44 + -50. Calculate p(l).
-5
Let y(h) = 3*h + 1. Let t(o) = -7*o - 2. Let s(u) = 2*t(u) + 5*y(u). Suppose -3*z - 6 = -0*z. Let m = z + 5. Determine s(m).
4
Let y(p) be the second derivative of 1/20*p**5 - p + 1/2*p**3 - 1/4*p**4 - p**2 + 0. What is y(2)?
0
Let y(g) = 4*g**2. Suppose 2*t + 2*t + 4 = 0. Determine y(t).
4
Suppose 24*b + 69 = -27. Let m(n) be the third derivative of n**4/24 - 2*n**3/3 + n**2. Calculate m(b).
-8
Suppose 4*v = -5*h + 3*v + 7, -h + 17 = -5*v. Let l(j) = -4*j - 1. Give l(h).
-9
Let n(h) be the third derivative of 0*h + 1/12*h**5 + 0*h**3 + 0 - 1/120*h**6 - 2*h**2 - 1/12*h**4. Give n(4).
8
Let u = -4 + 7. Let v be u/2*(-4 - -2). Let h(m) = 4*m + 3. Calculate h(v).
-9
Let v(g) be the first derivative of g**2/2 + 6*g - 8. Give v(0).
6
Let t(o) = 4*o**2 + 3*o - 2. Let w(k) = -k**2 - k + 1. Let y(f) = 2*t(f) + 7*w(f). Let m(a) be the first derivative of y(a). Calculate m(1).
1
Let n = 7 - 5. Suppose 4*f = -v + n*v + 23, -15 = 5*v. Let x(p) = -2 + 0 + f*p - p**2 + 3. Give x(3).
7
Let j(r) = r**3 - 15*r**2 - 2 + 3 + 7*r**2 + 9*r**2. Give j(-2).
-3
Let r(p) = -3*p**2 + 0*p - 1 - 2*p**2 - 2*p. Let m = 5 + -6. What is r(m)?
-4
Let k = 7 - -11. Let f be (-4)/(-18) - (-14)/k. Suppose 3*v - s = f - 17, 4 = -v - s. Let z(j) = -j - 1. Calculate z(v).
4
Let y(d) be the second derivative of -d**4/12 - 2*d**3/3 - 2*d**2 + 2*d. Let i be (-2)/((12/(-8))/(-3)). Calculate y(i).
-4
Let n(f) = -f**3 + 10*f**2 - 9*f + 2. Let k be n(9). Let y(p) = -5 + 2 + 4*p**k - 5*p**2 + 0*p**2. Calculate y(0).
-3
Let s(l) = -2*l + 2. Suppose 24 - 4 = 5*p. Calculate s(p).
-6
Let l(n) be the third derivative of -n**5/60 - n**4/6 - n**3 + 3*n**2. Let g be l(-4). Let x(q) = q + 5. Calculate x(g).
-1
Let x be 2/(-9) - 28/36. Let n(i) = i - 1. Let k(r) = 3*r - 13. Suppose 5*h - y - 23 = 0, -4*y - 16 - 12 = -4*h. Let m(v) = h*n(v) + x*k(v). Calculate m(0).
9
Let g(p) = 5*p - 4*p - 3*p + p + 6. Determine g(5).
1
Let t(u) = 14*u**2 + 2 - u - 5 + 2. What is t(-1)?
14
Let x = -30 + 18. Let v be 14/10 + x/(-20). Let s(w) = 3*w + w + 2 + 4*w**2 + v*w - 2*w. Give s(-2).
10
Let p(u) = u - 2. Let q be p(2). Let i(k) = 1 - 2*k**2 + 0*k**3 + k**2 + k**3. Let l be i(q). Let o(c) = -c**2 - 2*c + 1. Give o(l).
-2
Let i = 60 + -61. Let d(n) = -14*n**3 - n**2 - n. What is d(i)?
14
Suppose 4*c + 33 = -x, 4*c - 5*x + 0*x = -51. Suppose z = -t - 1, 0 = -t - 2*z + 2 - 0. Let b = t - c. Let p(k) = k**3 - 5*k**2 - 5. Give p(b).
-5
Let t(j) = 7*j - j - 2 - 4*j. Determine t(6).
10
Let i(d) = d**2 + 4*d - 4. Let m be i(-5). Suppose -m = -0*n - n. Let x(s) = 2*s**2 - 2*s**2 + s**2 - n + s - 2*s. What is x(-2)?
5
Let c(n) = 3*n + 1 - 1 - 4*n + 6. Let y be (3 + -4)*(0 + -1). Let u(p) = -1. Let i(l) = y*c(l) + 6*u(l). What is i(0)?
0
Let v be (-3)/6*(-8 - 0). Suppose -12*n - 7 = -13*n. Let k = v - n. Let h(c) = -c**2 - 3*c - 4. Give h(k).
-4
Suppose -3 = m - 5*f - 9, -5*m + 3*f + 8 = 0. Suppose -m = p - 8. Let v(w) = -4 - 4 + p + 5 + w**3 - 4*w**2 + 3*w. Calculate v(3).
4
Let g(t) = -21*t + 10. Let l(x) = 5*x - 2. Let u(q) = -2*g(q) - 9*l(q). Calculate u(3).
-11
Let k be 2/7 - 88/14. Let w be ((-4)/2)/(3/k). Let h(g) = g**2 - 4*g + 3. Determine h(w).
3
Suppose -2*o + 0*o = 4*m - 122, -2*o + 154 = 5*m. Suppose m = s - 5*s. Let k = -7 - s. Let l(p) = -6*p + 1. Give l(k).
-5
Let h(s) = -4*s**3 - s**2 + s + 1. Let w(n) = n**3 + n. Let k(v) = h(v) + 2*w(v). Calculate k(-2).
7
Let z = 5 - 4. Let q(m) = -3*m**3 + 6*m**2 + 2*m + 5. Let f(t) = 7*t**3 - 11*t**2 - 4*t - 9. Let u(i) = -6*f(i) - 11*q(i). Give u(z).
-8
Let d(x) = -x**2 + 8. Let r be 2/(-4)*6 + 13. Let z be 6/15 + (-4)/r. Give d(z).
8
Let g be 2*4/16*4. Let o(k) = 2 + 3*k + 8*k**g - 3*k**2 + k**3 - 2*k + 4*k. Give o(-4).
-2
Let x(p) = 3. Suppose 0*j = j - c, -2 = 2*j - 3*c. Let h(q) = -q + 3. Let s(k) = j*h(k) - 3*x(k). Determine s(-4).
5
Let l be 2/(-4)*6 - -23. Suppose -8 = 4*x - l. Let i(q) = 4*q**x - 5*q**3 + 0 + 3*q + 4 + 3*q**2. Give i(4).
0
Let n(s) be the second derivative of 4*s**5/5 + s**2/2 - 14*s - 1. Give n(1).
17
Let b(y) be the second derivative of -y**3/6 + y**2/2 - y. What is b(5)?
-4
Let u(y) = -y**3 + 5*y**2 - 2*y + 7. Let k be -10*(9/(-2) - -4). What is u(k)?
-3
Let w(k) = -k + 2. Let p be w(-1). Let g(u) = 3*u**p - 8 + u**2 - 4*u**3 + 2*u**3 - 2*u**3 + u. What is g(0)?
-8
Let w(i) be the second derivative of i**3/6 - i**2 + 2*i. Let k be w(2). Let u(p) be the first derivative of p**4/4 - p**3/3 + p**2/2 - 4*p - 6. Give u(k).
-4
Let j(t) = -18*t**3 - t**2 - t - 1. Let w = -48 - -47. What is j(w)?
17
Suppose 0 = -3*d - d + 20. Let g(k) = -k - 5. Calculate g(d).
-10
Let p(t) = t**2 + 1. Let k(w) = 2*w**2 + w - 3. Let v(j) = k(j) + 4*p(j). Let x(o) = o + 4. Let f be x(-5). Calculate v(f).
6
Suppose 3*l + 7 = -8. Let z(h) = h**3 + 4*h**2 - 2*h + 6. What is z(l)?
-9
Let c(b) = -b**2 + 5*b - 3. Let f(m) = 3*m**2 - 6*m + 6. Let z be f(2). Determine c(z).
-9
Let r(c) be the second derivative of -c**7/120 + c**6/360 - c**5/60 + c**4/24 - c**3/2 + 3*c. Let t(f) be the second derivative of r(f). What is t(1)?
-7
Let c(f) = 14*f**2 + 6*f - 7. Let d(v) = 41*v**2 + 17*v - 20. Let s(z) = 17*c(z) - 6*d(z). Let k(r) = 2*r**3 - r**2 - r + 1. Let w be k(1). Give s(w).
-7
Let n(z) = z - 2. Suppose 2*b + d = 3 + 13, b + 4*d - 15 = 0. Let r = b + -3. Determine n(r).
2
Let u(z) = -2*z**2 + 6*z - 4. Suppose -3 + 87 = 3*t. Suppose 2*p + 3*p - 40 = -5*i, t = 5*i + 2*p. Calculate u(i).
-12
Let m(x) = -x**3 - 2*x**2 - x - 4. Let z(n) = n**3 + 2*n**2 + n + 4. Suppose 6*y = 3*y + 15. Let h(c) = y*m(c) + 4*z(c). What is h(-3)?
8
Let d(b) = -b**3 - 4*b**2 - b. Let r be 59/3 + 3/9. Suppose r = 3*k + 2*k,